 + 6. Let x(t) = t**3 + 4 - 2 + 4*t**2 - 1. Calculate x(n).
10
Let g(f) = f**3 - 4*f**2 + f - 2. Let i be g(3). Let h = i - -18. Let u(z) = -2 - z - 3 + h. Give u(5).
0
Suppose -16 = 3*m - 5*j, -4*m + 8 = -7*m + j. Let h(g) = -g**3 - 5*g**2 - 3*g - 2. Give h(m).
-8
Let q(k) = k**2 - 10*k + 12. Let j be q(8). Suppose x + 2*t = -x - 8, -20 = 4*t. Let b = x + j. Let d(p) = p**3 + 3*p**2 - 4. Give d(b).
-4
Let o(b) = 3*b**3 + 4*b - 8. Let g(j) be the third derivative of j**6/15 - j**5/60 + j**4/2 - 23*j**3/6 - j**2. Let k(i) = 4*g(i) - 11*o(i). Determine k(-5).
1
Let i(n) = n**3 + 11*n**2 + 8*n + 5. Let j be i(-10). Let a = 30 - j. Let u(x) = -3*x. Give u(a).
-15
Let q(l) be the second derivative of -l**6/120 - l**5/10 - l**4/4 - 5*l**3/6 + l**2/2 - 4*l. Let m(p) be the first derivative of q(p). Calculate m(-5).
0
Let j(a) = a**3 - 4*a**2 - 5*a + 3. Let x be j(5). Let b be (-18)/((-6)/9*x). Let d(k) = 0*k - b + 7 - k. Calculate d(3).
-5
Let d(g) = 4*g**3 - 7*g. Suppose -1 = q - 4. Let a(s) = -2*s**3 + 1 + 8*s + 0*s**2 - 5*s**q + 2*s**3 + s**2. Let k(n) = 3*a(n) + 4*d(n). Determine k(-4).
3
Let f(a) = -a - 49*a**2 - 5*a**3 + 50*a**2 + a**3. Calculate f(1).
-4
Suppose 23 = -3*c - h, -8*h + 4*h - 2 = 2*c. Let y(l) = 2*l + 7. Calculate y(c).
-11
Let q(m) = 3*m**3 - 10*m**2 + 17*m + 13. Let n(b) = 2*b**3 - 7*b**2 + 11*b + 9. Let u(h) = -8*n(h) + 5*q(h). Give u(5).
3
Let m(l) = l**2 - 4*l + 4. Suppose y - 56 = -3*y. Suppose -3*u = -u - y. Suppose 4*r - h = 15, r + 2*h + u = 4. What is m(r)?
1
Let b(n) = -n**3 - 8*n**2 - 6*n + 9. Let z be b(-7). Let i be 2 - (-2 + 3 - 1). Let u(g) = 0*g**2 + i*g - g + g**2. Determine u(z).
6
Let k(z) = -z**3 - 10*z**2 + z + 14. Let w be k(-10). Let x(v) = -v**3 + 4*v**2 - v + 3. Let n be x(w). Let d(f) = 2*f**2 + f. Determine d(n).
1
Let x(u) = -2*u**3 + u**2. Let i = -1 + 4. Suppose -5*g - v = 6, i*g - g = 4*v + 2. Determine x(g).
3
Let z(k) = -k**3 + 3*k**2 + 4. Suppose 39 - 9 = 5*i. Let p = i - 3. What is z(p)?
4
Let o(h) = 0*h - 5*h - 4 + h**2 + 3*h. Let t(z) = z**2 - 2*z - 4. Let i(p) = 4*o(p) - 5*t(p). Suppose -v + 16 = 3*v. Calculate i(v).
-4
Let s(p) be the third derivative of -3*p**2 - 2/3*p**3 + 0*p + 0 - 1/24*p**4. Let l(o) = -o**2 + 3*o - 5. Let n be l(2). Give s(n).
-1
Let o(k) = 2*k**2 - 6*k + 9. Let b(n) = n**2. Let u(h) = 3*b(h) - o(h). Give u(-7).
-2
Let y(z) = 3*z - 26. Suppose 0 = -4*v + 39 + 5. Let r be y(v). Let q(h) = h**3 - 7*h**2 + h - 8. Determine q(r).
-1
Let c(y) = -y**3 - 2. Suppose -2*k = -6, h - 2*k + 22 = k. Let v = h + 11. What is c(v)?
6
Let z(u) be the first derivative of -u**4/4 - 5*u**3/3 - 2*u**2 + 4*u + 30. Give z(-4).
4
Let t(b) = b - 3. Let o be t(5). Let l(i) = 9*i + 1. Let r(c) = -4*c. Let z(j) = o*l(j) + 5*r(j). Suppose -4*q + 25 = 2*w + 1, -2*w = -q + 1. Give z(q).
-8
Let t be (-27)/(-4) + (-3)/4. Let y = -4 + t. Let r(x) = -x**3 + 2*x**2 + x - 2. Calculate r(y).
0
Let n(v) be the third derivative of 0*v - 1/6*v**3 + v**2 + 0*v**5 - 11/120*v**6 + 0 - 1/12*v**4. What is n(-1)?
12
Let h(t) = t**3 + 8*t**2 + 8*t - 2. Suppose -10 = 2*m + 4*d, -4*m = -2*d + 3*d + 27. Determine h(m).
-9
Let q(a) = a. Suppose -6*y + 9*y = -6. What is q(y)?
-2
Let h be (-11)/(-3) - (-3)/9. Suppose h*l - 10 = 2. Suppose 5*c = 3*i + 21, i = -l*c - 0*c + 7. Let q(z) = -z**3 + 4*z**2 - 2*z. Give q(c).
3
Suppose -2*y + 1 = -t - 6*y, -y = -3*t + 10. Let a(n) = -3 - t*n + 0*n + 1 + 2*n. Let v(m) = -4*m**3 + m - 1. Let x be v(1). Determine a(x).
2
Let f be 2*-1*(-10 - 6 - -18). Let g(i) be the third derivative of -3/2*i**3 - i**2 + 0 - 1/24*i**4 + 0*i. What is g(f)?
-5
Let h(f) = -1. Let v(o) = -o + 3. Let u(g) = 3*h(g) + v(g). Suppose 0 = 4*c + 20 + 4. Determine u(c).
6
Let x(a) be the first derivative of a**2/2 - 19*a + 64. Calculate x(14).
-5
Let t(l) = -l + 10. Suppose -5 = -5*u + 15. Let v be u/8*(0 - 0). What is t(v)?
10
Let s(t) = -t**3 - t**2 - t - 1. Let p = -3 - 3. Let l be 19/2 - 3/p. Suppose 5*c - 4*x = l + 6, -4*x = 5*c + 16. Give s(c).
-1
Let l(b) = 3*b - 1. Let p = 68 + -65. Determine l(p).
8
Let z(v) = 3*v**2 + 3 - v**3 - 4 - 10*v**2 - 1. Let q be z(-7). Let u(f) = f**2 + 5*f + 2. Calculate u(q).
-4
Let n(s) = -s**2 + 10*s - 2. Let j = 87 - 79. Determine n(j).
14
Let u(h) be the second derivative of -h**5/20 + 2*h**4/3 + 3*h**3/2 - h**2/2 + 4*h. Determine u(9).
-1
Let k(x) be the third derivative of 0*x + 0 + 7/24*x**4 + 1/60*x**5 + 1/6*x**3 + 5*x**2. What is k(-5)?
-9
Let c(b) = b - 3. Let q(p) = 3*p**3 - p**2 + 1. Let g be q(-1). Let y = g - -5. Suppose -y*t = t. Determine c(t).
-3
Let t(o) = -11*o + 24. Let c be t(2). Let n(z) = -z**2 - 2*z + 1. Give n(c).
-7
Let z(j) be the third derivative of -1/6*j**3 + 0*j + 2*j**2 + 1/24*j**4 + 1/60*j**5 + 0. Calculate z(-2).
1
Let k(o) = o - 4. Let g be 12/2 - 23/23. What is k(g)?
1
Suppose 4*k - 22 - 2 = 0. Let n = -3 + k. Let x = 4 - n. Let z(u) = 2*u**3 + 2*u**2 - 2*u + 1. Give z(x).
3
Let h(l) = -l + 7. Suppose -25 = -5*p - 4*n, -5 = -p + 5*n - 0. Calculate h(p).
2
Let f = -6 - 0. Let t = -2 - -1. Let m = f - t. Let x(k) = -k**3 - 4*k**2 + 5*k - 6. What is x(m)?
-6
Let d(n) be the second derivative of -1/6*n**3 + 1/12*n**4 + 0 + 0*n**2 + 1/120*n**5 + 3*n. Let j(t) be the second derivative of d(t). What is j(-2)?
0
Let i(z) = -z**3 + 9*z**2 + 3*z - 27. Let f be i(9). Let d(a) be the second derivative of f*a**2 + 1/12*a**4 - 1/20*a**5 + 0 - 2*a + 0*a**3. Determine d(2).
-4
Suppose 0 = -3*u - 2*u. Let v(j) = 2 - 1 - 5 - j + 2. Give v(u).
-2
Let f(q) = -2*q + 1. Let t(i) = -i**2 + 16*i - 4. Let a be t(16). Determine f(a).
9
Let q(h) = h - 1. Suppose -3 - 17 = -5*y. Let u be y*2*(-4)/(-8). What is q(u)?
3
Suppose -3*m - 2*m = 0. Suppose m = -4*b + 2*b + 6. Let d(s) = s**3 + 2*s**2 + 0*s**3 - 2*s**3 + 4 + b*s. What is d(3)?
4
Let p(k) be the first derivative of k**2/2 - 2*k - 2. Let z(g) = g + 1. Let x be z(2). Let l be 14/3 - x/(-9). Calculate p(l).
3
Let r be (-4)/22 - 192/33. Let p be -3 + (-12)/(r + 2). Let n(u) = u**2 - 1. Give n(p).
-1
Let g(y) = -y**3 + 3*y + 3. Suppose 3*p + 4 = -2. Give g(p).
5
Let y(r) = -r**3 + 20*r**2 + 7. Let w be y(20). Let o(z) be the first derivative of -w*z + 2 + 1/2*z**2. Give o(5).
-2
Suppose 0 = 2*s + s + 3*a - 21, s + 3*a = 17. Let p(w) = w**s + 0*w**2 - w + 1 + 0 - 2*w**2. Determine p(-3).
-5
Let k(q) = -22*q - 25. Let l(n) = 5*n + 6. Let i(s) = -6*k(s) - 26*l(s). Calculate i(5).
4
Let a = 10 - 8. Let c(g) = 10*g + 1 - a + 0. Calculate c(1).
9
Let c be (2/(-3))/((-14)/(-21)). Let j = c + 4. Let h(z) = -3*z - 1. What is h(j)?
-10
Let g(p) = -p**3 + 11*p**2 + 12*p + 5. Let q be g(12). Let o = 6 + -4. Let h(k) = -k + o - 1 + 0. Determine h(q).
-4
Let x(k) = k - 2. Let f be 6 - 1 - (3 - 1). Give x(f).
1
Let f(x) be the second derivative of x**6/360 - x**5/40 - x**4/3 + 2*x. Let v(z) be the third derivative of f(z). Determine v(-3).
-9
Let p(t) = -t**3 + 7*t**2 - 2*t + 10. Let u be p(7). Let z(a) = -a + 5. Give z(u).
9
Let m = -5 - -8. Let w be 4*((-9)/(-4))/m. Let v(t) = t - t - 2*t - w - 2. Calculate v(-5).
5
Let a be (3/9)/((-1)/(-6)). Let c(n) = -2*n - 7. Let f(z) = -z - 6. Let m be ((-15)/12)/(2/(-8)). Let r(v) = m*c(v) - 6*f(v). Determine r(a).
-7
Let b(y) = -3*y + 28. Let i be b(9). Let d(n) = -15*n**2 - 2*n + 1. Determine d(i).
-16
Let w be 6/(-21) + 16/7. Suppose -m = -4 + w. Let d(q) = 4*q - 3. Let s be d(m). Let l(a) = 2*a - 6. Give l(s).
4
Let k(r) = r**2 + 3*r - 3. Suppose 5*i - 17 = 8. Suppose i*o - 25 = 0, 4*o - 14 = -2*g - 0*o. Determine k(g).
-3
Let u(a) = 55*a**3 - 28*a**3 - 2*a**2 - 26*a**3 + 3 - 2*a + 3*a**2. Let f be (6/4)/((-3)/6). What is u(f)?
-9
Let m = 36 + -34. Let h(u) = 2*u**2 - 3*u. Determine h(m).
2
Let d(i) = i - 9. Suppose -23 = 5*t - 73. Let y be d(t). Let z be 1*-3 + y - -7. Let f(c) = c**3 - 5*c**2 - 3*c + 6. Determine f(z).
-9
Let m(l) = 3*l**2 - 21*l - 12. Let g(z) = 2*z**2 - 11*z - 6. Let j(p) = -5*g(p) + 3*m(p). Suppose -c - 5*c = 36. Determine j(c).
6
Suppose 4*s + 2 = 5*s - 2*p, 3*s - 10 = 2*p. Let n be (-10)/s*20/(-25). Let a(q) be the third derivative of q**5/30 - q**4/24 - q**3/6 - q**2. Give a(n).
5
Let u = 72 - 50. Let q(w) = 4*w**2 + u*w - w**3 + 1 - 24*w + 0*w**3. Let b(o) = o**3 - 7*o**2 + 6*o + 4. Let a be b(6). Determine q(a).
-7
Let o(u) = 4*u + 1. Suppose -4*g + 